0*h - h. Let l be (-1 + h + 1)/2. Suppose -3*p + 42 = -l*p. Is p a multiple of 14?
True
Suppose 4*l - 238 = 2*i, -3*l + 140 = 2*i - 35. Is 25 a factor of l?
False
Suppose -r + 3*r = 0. Suppose 2*w + c + r = 31, -4*w - c + 65 = 0. Is w a multiple of 11?
False
Suppose 4*x + o - 3*o = -110, 5*o = -4*x - 89. Let t = 2 + -2. Is (t + 0 - x) + 1 a multiple of 13?
False
Let v(k) = -k**3 - 8*k**2 + 13*k + 8. Let j be v(-9). Let h = j - -40. Is h a multiple of 9?
False
Let g(k) be the third derivative of k**5/60 + k**4/12 - k**3 - 2*k**2. Does 18 divide g(5)?
False
Let s(x) be the first derivative of 3*x**4/4 + x**2/2 + 1. Let g be s(1). Suppose -80 = -4*z - 5*k, z + 5*k = g*k + 20. Is z a multiple of 10?
True
Let m(o) = -o**2 - 8*o + 16. Let j be m(-7). Suppose -j = -2*x + 63. Does 16 divide x?
False
Let p(n) = n**2 - 11*n + 10. Let m be p(10). Suppose m*b - 5*b + 180 = 0. Suppose 3*w + 112 = 5*x, 2*x + 2*w - b = w. Does 10 divide x?
True
Let u = 54 - 19. Suppose -4*v - u + 127 = 0. Does 6 divide v?
False
Suppose 145 = 8*m - 143. Is m a multiple of 4?
True
Let g(y) = y**3 - 9*y + 2*y**2 - 6 - 5*y**2 + 9*y**2. Let p be g(-6). Let j = p + -30. Is j a multiple of 9?
True
Let o(i) = -2*i**3 - 4*i**2 - 3*i - 2. Let s be o(-2). Suppose -2*u - 22 = -s*u. Is 3 a factor of 2/u - 258/(-33)?
False
Let h(o) = -18*o. Let w be h(6). Let b be (-2)/(-8) - w/16. Let a(q) = 7*q - 6. Is a(b) a multiple of 18?
False
Suppose 0 = -2*m - 0*m - 44. Let l = m + 97. Does 15 divide (12/(-10))/((-3)/l)?
True
Let z(k) = k + 28. Let v = -8 + 8. Is 11 a factor of z(v)?
False
Let b(m) = -4*m**3 - m**2 + 1. Let l(x) = -x**3 + 9*x**2 + x - 10. Let a be l(9). Let f be b(a). Let v(d) = 2*d**3 - 5*d**2 - 3*d. Does 18 divide v(f)?
True
Suppose -5*h + 93 = 3*r, -3*r = -5*r - h + 69. Is r a multiple of 18?
True
Suppose 3*d = 4*d - 2. Is d/8 - 207/(-4) a multiple of 26?
True
Suppose -2*o + 7 + 1 = 0. Let x(z) = -2*z**3 + 3*z**2 - 9*z + 7. Let a(u) = -3*u**3 + 4*u**2 - 13*u + 10. Let k(y) = 5*a(y) - 8*x(y). Does 9 divide k(o)?
False
Let b(q) = q**2 + 7*q - 6. Let c be b(-8). Suppose d - 2*f - 4 = 14, -24 = -c*d - 2*f. Is 7 a factor of 0 + d - 2 - -2?
True
Suppose -2*j = -z - 0*z + 1, -2 = -j. Let q(p) = -8*p + 6. Let n(x) = 4*x - 3. Let y(t) = z*n(t) + 2*q(t). Does 13 divide y(4)?
True
Let t(r) = -r**2 - 8*r - 9. Let h be t(-6). Suppose -169 = -h*l - 52. Does 14 divide (-4)/(-2 + l/21)?
True
Let y be -1*((0 - -1) + -123). Suppose -2*s = 3*t - 82 + 18, -5*s + 2*t = -y. Is s a multiple of 13?
True
Let t = 4 - 6. Is 11 a factor of (-399)/(-14) + 1/t?
False
Let g(t) = 3*t**2 - t. Let h(r) = -r + 1. Let n be h(-1). Let b be g(n). Suppose 0 = 5*f - 50 + b. Does 4 divide f?
True
Let t(v) = -v + 27. Is 8 a factor of t(-8)?
False
Suppose 4*y + 5*z - 14 = 0, 4*y - 2*z + 0*z - 28 = 0. Let q(a) = 5*a - 2. Does 13 divide q(y)?
False
Let c(k) = -k**2 + 6*k + 2. Let u be c(6). Suppose -g - 4*h + 40 = 0, -u*h + 6 = h. Is g a multiple of 16?
True
Suppose -3*b - 2*d = -5, b - 4*d = -0*b + 11. Suppose -3*w + 149 = 5*z, 3*z + 2*w - 29 = 60. Suppose 4*q - 2*n + 3*n - z = 0, -5*q + 37 = b*n. Does 3 divide q?
False
Let i = 5 + -14. Let y(h) = -3*h - 3. Is y(i) a multiple of 10?
False
Suppose k - 2 + 5 = 0. Let j be 2/(k*(-2)/36). Suppose -i - 2 = -j. Is i a multiple of 10?
True
Let s = 10 + -13. Is s/1 - (-12)/1 a multiple of 2?
False
Let p = 75 - 35. Is 10 a factor of p?
True
Suppose 15 = 3*p - 357. Is p a multiple of 31?
True
Suppose -108 = -0*a - 6*a. Is 3 a factor of a?
True
Let o(z) = -7*z**2 - 8*z - 64. Let w(c) = -15*c**2 - 17*c - 129. Let h(g) = -13*o(g) + 6*w(g). Is h(0) a multiple of 18?
False
Is 27 a factor of 430/8 - 10/(-40)?
True
Let w = -55 - -96. Suppose 2*k - w = -2*l + 9, 0 = 5*k - 4*l - 143. Is k a multiple of 9?
True
Is 16 a factor of (-20)/((-1 + 2)/(-8))?
True
Let a(v) = v**3 - 10*v**2 + 4*v - 11. Is 5 a factor of a(10)?
False
Let o = -10 + 16. Suppose 0 = -5*c + o + 9. Suppose -5*v - 4 = -2*a, -5*a + c*v = -39 - 9. Is 6 a factor of a?
True
Suppose -h + 156 = 2*h. Does 13 divide h?
True
Let u = 64 - 44. Let k(r) = r + 31. Let f be k(0). Let c = f - u. Does 11 divide c?
True
Suppose -2*y = 5*b - 420, -2*y + 5*y + 84 = b. Does 33 divide b?
False
Let z(k) = 2*k - 6. Let r be z(4). Suppose -r*d = 2*d - 12. Is 2 a factor of d?
False
Let w = 7 - 3. Suppose w*a = -2*p + 32, p + 3 = a + 4*p. Does 13 divide ((-78)/a)/((-2)/6)?
True
Is (207/18 + -4)*(-304)/(-5) a multiple of 52?
False
Suppose 0 = p - 6*p. Suppose 2*v = -3*a - 3 - p, -2*v - 9 = 5*a. Suppose v*j = 22 - 1. Is 3 a factor of j?
False
Let a = -10 - -14. Let s be (-18)/(0 - a/2). Suppose s + 7 = 2*h. Is 5 a factor of h?
False
Suppose -5*w + 204 = -146. Is 14 a factor of w?
True
Let w(g) = 10*g - 1. Let b(l) = -9*l. Let q(r) = 7*b(r) + 6*w(r). Is q(-10) a multiple of 12?
True
Let z(n) = n**2 - 3*n + 1. Let b be z(1). Let a(g) = -g**3 + g**2 - g - 1. Let m be a(b). Suppose 0 = 3*v + 3*r - 87, -m*r = -6*r - 20. Is v a multiple of 17?
True
Suppose 4*a + 16 = 0, -2 = -3*b + 4*a - 22. Let m = 6 - b. Is 18 a factor of m?
True
Suppose 5 = -8*y + 3*y, -4*y - 12 = -2*p. Suppose -26 = -2*i + 2*r, -p*i + r = -r - 44. Is i a multiple of 7?
False
Suppose 4*q + i + 153 = 0, 4*q - 2*i + 47 = -103. Let h = 12 + -14. Let n = h - q. Is n a multiple of 18?
True
Suppose -2*z = 4*w - 3*z - 36, -4*w + 3*z = -36. Is w a multiple of 3?
True
Suppose -2*n = -5*y + 18 + 12, 17 = -2*y - 5*n. Suppose 3*a - 81 = -3*k + 12, -a - 139 = -y*k. Suppose 4*h - k = 6. Is 5 a factor of h?
True
Suppose 635 = 5*k - 65. Suppose -5*x - 2*y + 96 = 0, 2*y = 2*x - 30 - 14. Suppose 5*o = -5*j + k, -2*j - 5*o + x = -j. Is j a multiple of 15?
True
Let c(w) = w**3 + 13*w**2 + 11*w - 7. Let r be c(-12). Suppose 0 = 2*o, -3*o = r*y + 2*o - 50. Is 4 a factor of y?
False
Is (28/(-5))/(4/(-10)) even?
True
Suppose 2*a - 53 - 21 = 0. Is a a multiple of 8?
False
Let q(c) be the third derivative of c**5/60 - c**4/24 - 2*c**2. Is q(-2) even?
True
Suppose 0 = -5*b + 152 + 113. Is 13 a factor of b?
False
Let g(r) = 2*r**2 - 5*r - 8. Let m(n) = n + 7. Let v be m(-7). Let w = v + 7. Does 14 divide g(w)?
False
Let y(j) = -30*j**3 - 3*j**2 - 3*j + 1. Does 23 divide y(-2)?
False
Let r(o) = 3*o**2 - 4*o. Let s be r(3). Suppose -s = 2*m + m. Let x(c) = -c**2 - 7*c - 6. Is x(m) a multiple of 4?
True
Let w(r) = r**2 + 3*r + 6. Let x be w(-4). Suppose -x*s = -5*s + 130. Let h = s + 45. Is 9 a factor of h?
False
Suppose 0 = 2*f + 16. Let s = f - -68. Suppose -h = -3*h + 4*g + s, 3*h + 3*g - 54 = 0. Is h a multiple of 11?
True
Let z(l) = -l + 14. Let o be z(6). Suppose -10*y + o*y + 20 = 0. Is 2 a factor of y?
True
Suppose 2*s - 3 = 1. Let x(k) = 12 + k**2 + 7*k + k**2 - k**s. Is x(-8) a multiple of 13?
False
Is 5 a factor of 18 + (2 - 0) - -3?
False
Is 117 + (0 - (-1 + -1))/2 a multiple of 31?
False
Suppose -f - 130 = -4*f + 2*i, 3*f - 5*i = 136. Is f a multiple of 4?
False
Does 2 divide (-2)/(-8) - (-140)/16?
False
Is 7 a factor of -3*-2*14/6?
True
Let j = -6 + -9. Is 46/3 + 5/j a multiple of 7?
False
Does 12 divide -4 - (0 + -4) - (-26 + 2)?
True
Let u(m) = -16 + 2 - 7*m + 11*m**2 + 2*m**3 - 3*m**3. Suppose 5*i - 55 = -5*g, -i + 34 = 2*i + 4*g. Does 13 divide u(i)?
False
Is 4 + (0 - (4 + 1 - 3)) even?
True
Suppose 0 = -w - w + 3*m + 856, 2127 = 5*w - m. Suppose w - 89 = 7*i. Does 26 divide i?
False
Suppose 0 = 7*x - 511 - 252. Does 16 divide x?
False
Is 14 a factor of 1 + 15/3 + 148?
True
Let m be 0 + 2 + (0 - 10). Let y(b) = b**3 + 8*b**2 + 5. Let f be y(m). Suppose -f*v + 31 + 49 = 0. Does 16 divide v?
True
Let j = -1 + 2. Is j + (-26 + -1)/(-3) a multiple of 10?
True
Let t(q) be the first derivative of 5*q**3/3 + 5*q**2/2 + 2*q + 1. Does 15 divide t(-3)?
False
Let h be -2 - -5 - (-1 - -1). Suppose -h*b + 62 = -16. Is 9 a factor of b?
False
Let u = -6 + 1. Let t be -1*u/((-10)/(-12)). Let p(g) = -g**2 + 10*g - 1. Does 13 divide p(t)?
False
Suppose 2*w - 6*w = 48. Let a = 29 + w. Is 13 a factor of a?
False
Suppose 0 = -5*t + t + 188. Is t a multiple of 12?
False
Suppose -j = -4*j + 12. Let w = 6 - j. Suppose w*c - l - 19 = 5, 2*l - 69 = -5*c. Does 13 divide c?
True
Suppose 3*p - 4*p + 19 = -4*g, -3*g = 15. Let x = p + -7. Does 14 divide (21/(-2))/(6/x)?
True
Let p = 242 - 129. Is 34 a factor of p?
False
Let t